 number?
False
Is 24479835599 composite?
False
Is 478257463 prime?
True
Is 24202696729 composite?
True
Is 63031923437 a prime number?
False
Is 1496383921 a prime number?
True
Is 8715224261 a composite number?
False
Is 2039145253 prime?
True
Is 41142680261 prime?
True
Is 1645591 a prime number?
False
Is 87582493 composite?
False
Is 3847763567 a composite number?
True
Is 57676417999 a prime number?
False
Is 570861871 prime?
False
Is 69445375007 prime?
True
Is 90380383 a composite number?
False
Is 19776894727 a composite number?
False
Is 650696357 a composite number?
False
Is 7350362503 a composite number?
True
Is 283750580317 a prime number?
True
Is 1744185517 prime?
False
Is 325970369 prime?
True
Is 513871578491 a composite number?
False
Is 168243674311 a composite number?
False
Is 13122098173 a prime number?
False
Is 29667184033 composite?
False
Is 814737667 a prime number?
False
Is 112377561793 a prime number?
False
Is 4647462793 prime?
True
Is 6133183711 composite?
True
Is 1578858657 a composite number?
True
Is 4493075581 a prime number?
True
Is 517759813 a prime number?
False
Is 42123467 prime?
False
Is 2730143551 a prime number?
False
Is 7695233009 prime?
True
Is 6275102567 prime?
True
Is 191680891 prime?
False
Is 45451531759 prime?
False
Is 697590983 a composite number?
True
Is 13730522977 composite?
True
Is 719222303 composite?
True
Is 6865340437 a prime number?
True
Is 16327243871 a prime number?
True
Is 1158511931 a prime number?
True
Is 11282098837 composite?
True
Is 82697088427 prime?
True
Is 430991851 a composite number?
False
Is 11482508861 prime?
False
Is 286812790223 a prime number?
False
Is 4516169171 prime?
False
Is 141589221401 prime?
True
Is 118578025193 composite?
False
Is 107940619 prime?
False
Is 994302833 composite?
False
Is 192814737319 composite?
True
Is 84562304273 prime?
True
Is 278771479 prime?
False
Is 815569710403 a composite number?
True
Is 96891537541 a composite number?
False
Is 13717419169 a prime number?
True
Is 69216773 prime?
True
Is 3276675751 composite?
True
Is 1039582457 prime?
False
Is 9787636631 a prime number?
True
Is 5836317139 a composite number?
True
Is 313891621831 prime?
True
Is 6539358961 composite?
False
Is 150111763 composite?
True
Is 7044746947 a prime number?
False
Is 648968189 a composite number?
False
Is 12147596963 a prime number?
True
Is 1090543921 a prime number?
False
Is 28623299231 composite?
False
Is 111299059 composite?
False
Is 2363508535 a composite number?
True
Is 4456450111 a composite number?
True
Is 595976681 a prime number?
True
Is 2525598833 composite?
False
Is 16844464549 prime?
False
Is 14608488743 composite?
True
Is 1827354629 prime?
False
Is 22700518331 a composite number?
False
Is 46995188497 a prime number?
True
Is 18476340263 prime?
True
Is 2695770118 prime?
False
Is 73629689 composite?
True
Is 142701184943 prime?
False
Is 9052797163 a prime number?
False
Is 47918085914 a composite number?
True
Is 115193748877 composite?
True
Is 5925842537 composite?
True
Is 2140664017 prime?
True
Is 1305478843 a composite number?
False
Is 1434802871 prime?
False
Is 53376672551 a prime number?
True
Is 8595614273 a composite number?
True
Is 123703510787 prime?
False
Is 1122150643 prime?
True
Is 4246406321 composite?
True
Is 35256811 composite?
False
Is 621587237 prime?
False
Is 2741169763 composite?
True
Is 1910701097 composite?
False
Is 63411026369 composite?
False
Is 9551174887 prime?
True
Is 4136598467 prime?
False
Is 15298318231 composite?
True
Is 2404642729 a prime number?
True
Is 40385258231 composite?
False
Is 10491372091 prime?
True
Is 2067539483 composite?
True
Is 15003379799 a prime number?
True
Is 361557227 a prime number?
False
Is 1421963443 a composite number?
True
Is 7360216579 a prime number?
True
Is 8713205719 composite?
True
Is 3785103683 a composite number?
True
Is 25104960611 composite?
True
Is 10936044487 a composite number?
False
Is 3156433879 prime?
False
Is 720234362 prime?
False
Is 94375723927 a composite number?
False
Is 7009666327 a composite number?
False
Is 10961799911 a composite number?
False
Is 56395147051 composite?
False
Is 15428365747 prime?
False
Is 1524806287 a composite number?
True
Is 94485991 composite?
False
Is 571162231 prime?
True
Is 3754612993 a composite number?
False
Is 7757530397 composite?
False
Is 895535957 prime?
False
Is 2204601343 a composite number?
True
Is 303316957 composite?
False
Is 545962649 composite?
True
Is 290090597 composite?
False
Is 31715287 a prime number?
True
Is 24573094589 a composite number?
True
Is 7909806263 composite?
False
Is 2718311497 a prime number?
False
Is 546493877 a prime number?
False
Is 73263063751 composite?
False
Is 8588287007 prime?
True
Is 13817049899 composite?
True
Is 833723837 a prime number?
False
Is 2322332773 a composite number?
False
Is 772619923 a prime number?
True
Is 290353 a prime number?
False
Is 13484077667 prime?
False
Is 26889456221 prime?
True
Is 118326499 a composite number?
False
Is 497060581 composite?
True
Is 84149103799 a composite number?
False
Is 4461670819 a prime number?
True
Is 19349490101 a composite number?
False
Is 2988027947 a prime number?
False
Is 215468349 composite?
True
Is 2326305127 prime?
True
Is 2808321689 a composite number?
True
Is 660293705 prime?
False
Is 171919259 prime?
True
Is 8381703689 composite?
False
Is 13084807629 composite?
True
Is 167996574653 prime?
True
Is 1336686437 a composite number?
True
Is 3065147467 prime?
False
Is 976060343 a composite number?
True
Is 249953419 a composite number?
False
Is 992597467 a prime number?
True
Is 1224868303 prime?
False
Is 278928469829 a composite number?
False
Is 46559271309 a composite number?
True
Is 337914403 prime?
True
Is 845205883 prime?
True
Is 743289707 a composite number?
True
Is 2269222237 a prime number?
False
Is 5905691843 a prime number?
True
Is 32476077139 a composite number?
True
Is 15722099291 a composite number?
False
Is 81441816223 a prime number?
False
Is 2420610187 a prime number?
False
Is 23611998953 a prime number?
False
Is 562325549 a prime number?
False
Is 143595577 a composite number?
False
Is 107593330433 a composite number?
False
Is 1798982642 composite?
True
Is 9611925457 a composite number?
False
Is 35307913 prime?
True
Is 54076053469 a prime number?
True
Is 326812948855 prime?
False
Is 1089102631 composite?
True
Is 18877337441 composite?
True
Is 7410351203 a prime number?
False
Is 18280410719 a composite number?
False
Is 5630608141 prime?
False
Is 967760237 a composite number?
False
Is 206581211 a prime number?
False
Is 2955781 a prime number?
True
Is 83073597419 a composite number?
True
Is 4909247501 a composite number?
True
Is 23265801859 a composite number?
True
Is 30361297727 composite?
True
Is 163155397 a prime number?
True
Is 14325145187 prime?
True
Is 4177593053 a prime number?
True
Is 1364199971 prime?
True
Is 1433876209 composite?
True
Is 5509946333 a composite number?
False
Is 1380951311 a composite number?
True
Is 95854033747 prime?
True
Is 1556859307 prime?
False
Is 21666035159 prime?
True
Is 20936307391 a prime number?
False
Is 716961061 prime?
False
Is 11181543631 prime?
True
Is 208932547 prime?
True
Is 689751203 a composite number?
False
Is 10762801207 composite?
False
Is 1755021757 prime?
False
Is 119042133317 prime?
True
Is 6444896587 a composite number?
False
Is 881291563 prime?
True
Is 93017127481 prime?
True
Is 3338460527 a composite number?
True
Is 273892433 prime?
True
Is 6645239069 a composite number?
True
Is 560184853 composite?
False
Is 7596097123 a prime number?
True
Is 102152663 prime?
False
Is 930196237 prime?
False
Is 12094996021 prime?
False
Is 99114091541 a composite number?
True
Is 116882031943 composite?
False
Is 2661079177 composite?
True
Is 24815431 prime?
True
Is 1365079687 composite?
False
Is 18035614757 a prime number?
True
Is 1428367543 prime?
False
Is 928654063 a composite number?
True
Is 2359288213 prime?
True
Is 564546559 composite?
False
Is 35690101 prime?
True
Is 21440282597 prime?
True
Is 1655676221 composite?
False
Is 498289777 prime?
False
Is 5782520809 a prime number?
False
Is 364227181 a prime number?
True
Is 518720989 composite?
False
Is 29873470399 composite?
False
Is 3643578203 composite?
True
Is 3590025941 prime?
True
Is 8514081